472 a multiple of 7?
True
Does 25 divide 496400?
True
Is 1754738 a multiple of 478?
True
Does 78 divide 204906?
True
Is 584869 a multiple of 191?
False
Is 56561 a multiple of 499?
False
Is 4 a factor of 490548?
True
Is 212058 a multiple of 310?
False
Is 3 a factor of 774526?
False
Does 371 divide 873334?
True
Is 1777465 a multiple of 214?
False
Does 411 divide 1803775?
False
Is 76 a factor of 4713092?
False
Is 25 a factor of 3009875?
True
Is 1817840 a multiple of 5?
True
Is 269655 a multiple of 15?
True
Does 9 divide 478315?
False
Does 3 divide 11313?
True
Is 201 a factor of 717570?
True
Does 7 divide 29456?
True
Is 19 a factor of 1595664?
False
Does 6 divide 140583?
False
Does 20 divide 83100?
True
Is 499468 a multiple of 38?
False
Is 538923 a multiple of 407?
False
Is 56186 a multiple of 29?
False
Does 16 divide 892894?
False
Does 17 divide 2327881?
False
Does 105 divide 4515?
True
Is 1884031 a multiple of 5?
False
Is 16 a factor of 289134?
False
Does 94 divide 203040?
True
Is 167060 a multiple of 5?
True
Is 23 a factor of 194787?
True
Is 8 a factor of 6084?
False
Is 79 a factor of 90613?
True
Does 20 divide 237700?
True
Is 73301 a multiple of 27?
False
Is 293 a factor of 62594?
False
Is 462587 a multiple of 976?
False
Is 403 a factor of 1164267?
True
Does 5 divide 46169?
False
Does 56 divide 2362739?
False
Is 17451 a multiple of 588?
False
Is 1592656 a multiple of 676?
True
Is 185 a factor of 4664960?
True
Does 5 divide 173450?
True
Is 55 a factor of 1616560?
True
Is 170 a factor of 4824217?
False
Is 162 a factor of 171882?
True
Is 187011 a multiple of 78?
False
Is 199037 a multiple of 36?
False
Is 441207 a multiple of 1257?
True
Does 2 divide 12437?
False
Is 37 a factor of 130425?
True
Does 78 divide 5768537?
False
Is 499 a factor of 11589275?
True
Is 38 a factor of 696774?
False
Does 24 divide 139992?
True
Does 5 divide 46945?
True
Is 9652750 a multiple of 13?
False
Is 28 a factor of 1035?
False
Is 8883480 a multiple of 430?
False
Is 11 a factor of 191651?
False
Is 24 a factor of 35856?
True
Does 56 divide 8004938?
False
Is 2133563 a multiple of 15?
False
Does 62 divide 41478?
True
Is 55 a factor of 344764?
False
Is 17 a factor of 1827177?
True
Does 179 divide 68311?
False
Does 494 divide 39043?
False
Does 4 divide 8371?
False
Does 22 divide 2888812?
False
Is 2106 a factor of 18469620?
True
Is 556440 a multiple of 12?
True
Is 117 a factor of 907452?
True
Is 2641924 a multiple of 222?
False
Is 480073 a multiple of 19?
True
Is 3 a factor of 285585?
True
Is 16 a factor of 9242412?
False
Is 2012322 a multiple of 34?
False
Is 87 a factor of 720557?
False
Is 24783 a multiple of 11?
True
Is 202894 a multiple of 443?
True
Is 25 a factor of 932350?
True
Does 20 divide 21887?
False
Is 268777 a multiple of 6?
False
Does 98 divide 211680?
True
Does 25 divide 260150?
True
Does 43 divide 321382?
True
Is 301054 a multiple of 195?
False
Is 176115 a multiple of 199?
True
Is 377 a factor of 6876857?
True
Is 19885 a multiple of 2?
False
Is 80093 a multiple of 4?
False
Is 30 a factor of 14587950?
True
Does 284 divide 214988?
True
Does 11 divide 8118660?
True
Is 5331960 a multiple of 1438?
False
Does 3 divide 13772?
False
Is 248 a factor of 194836?
False
Is 39 a factor of 4187305?
False
Is 763 a factor of 1075113?
False
Is 204957 a multiple of 205?
False
Does 35 divide 1525661?
False
Is 2 a factor of 215613?
False
Does 1210 divide 814652?
False
Is 8 a factor of 2292997?
False
Does 45 divide 105018?
False
Is 7503600 a multiple of 240?
True
Is 126590 a multiple of 10?
True
Does 536 divide 557525?
False
Is 56 a factor of 203112?
True
Is 713 a factor of 738448?
False
Is 362900 a multiple of 4?
True
Is 20 a factor of 105771?
False
Does 1049 divide 1078372?
True
Is 198 a factor of 954558?
True
Is 11 a factor of 88847?
True
Does 11 divide 2343131?
False
Is 19 a factor of 13959?
False
Is 1067 a factor of 5120569?
False
Is 9 a factor of 9661454?
False
Is 624 a factor of 14115504?
True
Is 36 a factor of 576540?
True
Is 17444 a multiple of 7?
True
Does 20 divide 5370100?
True
Is 191915 a multiple of 17?
False
Does 12 divide 2418617?
False
Does 55 divide 576159?
False
Does 17 divide 4386?
True
Is 42 a factor of 2201178?
True
Is 37 a factor of 1329103?
False
Is 264 a factor of 2145215?
False
Is 377512 a multiple of 25?
False
Does 183 divide 1513919?
False
Is 497124 a multiple of 36?
True
Is 47 a factor of 9790335?
True
Is 530 a factor of 14275986?
False
Is 157707 a multiple of 27?
True
Is 203813 a multiple of 19?
True
Is 68 a factor of 1210079?
False
Does 20 divide 18430658?
False
Does 2 divide 61388?
True
Is 95 a factor of 58330?
True
Is 30 a factor of 626650?
False
Is 14 a factor of 698222?
True
Does 801 divide 456938?
False
Does 5 divide 78796?
False
Does 3 divide 4315506?
True
Is 12 a factor of 1941326?
False
Is 10 a factor of 6261455?
False
Does 569 divide 3743668?
False
Is 383393 a multiple of 12?
False
Is 8 a factor of 146903?
False
Is 12 a factor of 427188?
True
Is 152287 a multiple of 68?
False
Is 14 a factor of 19960491?
False
Is 23 a factor of 617527?
True
Does 3 divide 73616?
False
Does 11 divide 290272?
False
Does 47 divide 542453?
False
Does 5 divide 1005525?
True
Is 324 a factor of 338893?
False
Is 24 a factor of 10827887?
False
Is 1616698 a multiple of 1059?
False
Is 7579834 a multiple of 933?
False
Is 108 a factor of 5468904?
True
Does 13 divide 80797?
False
Does 32 divide 733842?
False
Is 61302 a multiple of 17?
True
Is 139912 a multiple of 110?
False
Does 22 divide 61720?
False
Is 703204 a multiple of 138?
False
Does 430 divide 662343?
False
Does 218 divide 955276?
True
Is 1990030 a multiple of 53?
False
Is 321 a factor of 1178793?
False
Is 112 a factor of 19070?
False
Is 274068 a multiple of 12?
True
Is 22 a factor of 2754316?
False
Is 148 a factor of 2749692?
True
Is 128 a factor of 8632320?
True
Does 240 divide 306720?
True
Is 51579 a multiple of 9?
True
Is 11 a factor of 1055428?
True
Is 802 a multiple of 19?
False
Is 38 a factor of 1899658?
True
Does 93 divide 100719?
True
Does 2 divide 345427?
False
Does 52 divide 578882?
False
Does 637 divide 3099619?
False
Does 36 divide 4680967?
False
Is 44 a factor of 361768?
True
Does 173 divide 985754?
True
Is 81204 a multiple of 404?
True
Does 4 divide 142497?
False
Does 23 divide 60835?
True
Is 10591987 a multiple of 931?
True
Is 32 a factor of 570915?
False
Is 40 a factor of 24221400?
True
Is 139640 a multiple of 12?
False
Does 4 divide 17653?
False
Does 1003 divide 117832?
False
Is 933 a factor of 1391103?
True
Does 107 divide 7478586?
False
Is 645 a factor of 674670?
True
Is 2586039 a multiple of 26?
False
Is 104236 a multiple of 344?
False
Is 3 a factor of 2361114?
True
Is 337 a factor of 387213?
True
Is 21 a factor of 38137?
False
Is 37 a factor of 782476?
True
Is 192 a factor of 1700222?
False
Is 7333155 a multiple of 43?
False
Does 55 divide 13893220?
True
Is 434 a factor of 170128?
True
Is 210410 a multiple of 164?
False
Is 258 a factor of 138030?
True
Is 134875 a multiple of 415?
True
Is 142872 a multiple of 8?
True
Is 16 a factor of 2337152?
True
Does 68 divide 3195388?
True
Is 3927006 a multiple of 174?
True
Is 328 a factor of 148407?
False
Is 65 a factor of 101660?
True
Is 58 a factor of 8128700?
True
Is 5 a factor of 244635?
True
Is 2 a factor of 5869?
False
Is 13 a factor of 328900?
True
Is 3 a factor of 27266?
False
Is 262 a factor of 8013270?
True
Does 43 divide 433378?
False
Does 86 divide 635884?
True
Is 5392467 a multiple of 6?
False
Is 2311453 a multiple of 31?
True
Does 27 divide 155996?
False
Is 499 a factor of 763470?
True
Is 4063482 a multiple of 124?
False
Does 34 divide 250784?
True
Is 4050375 a multiple of 20?
False
Does 12 divide 151608?
True
Does 315 divide 107730?
True
Is 180402 a multiple of 321?
True
Is 32 a factor of 3185463?
False
Is 12 a factor of 91944?
True
Is 18077 a multiple of 80?
False
Does 2189 divide 12468544?
True
Is 7 a factor of 1976832?
False
Does 5 divide 5797062?
False
Does 198 divide 538560?
True
Is 1742046 a multiple of 1194?
True
Does 54 divide 2064042?
True
Is 34 a factor of 240624?
False
Is 96 a factor of 2196875?
False
Does 995 divide 4882465?
True
Does 295 divide 2799550?
True
Is 12 a factor of 152734?
False
Is 420552 a multiple of 18?
True
Is 13